 5*h**2 - 1. Suppose -w = 2*i - 1, i - 5 = -3*w + 3. What are the prime factors of r(w)?
11
Suppose 1196 = -0*r + 4*r + 5*g, -2*g + 596 = 2*r. What are the prime factors of r?
2, 3, 7
Let i = -254 - -426. Suppose -4*u - 4*n + i = 0, -3*n = -4*u + 2*n + 217. Suppose 5*k - r - u - 25 = 0, r - 67 = -5*k. What are the prime factors of k?
2, 7
Suppose 0 = 3*y + 2*g - 812, 6*g - 3*g = -y + 280. What are the prime factors of y?
2, 67
Suppose 0 = 4*c + 1 + 7, 2*u = -3*c + 10. Suppose 8*y - 4*y - u = 0. Suppose 3*j = y*j + 13. List the prime factors of j.
13
Suppose 6*s - 805 - 665 = 0. Suppose -9*v + 4*v + s = 0. What are the prime factors of v?
7
Suppose -3*c + u = -0*c - 363, 2*c - 3*u - 235 = 0. What are the prime factors of c?
2, 61
Let h be 43/9 + 2/9. Suppose -5*y - 3*m + 85 = -m, -h*m = 2*y - 13. What are the prime factors of y?
19
Suppose -g - 59 = -f, -3*f + 2*g = -103 - 70. What are the prime factors of f?
5, 11
Let m(h) = 14*h + 16 + 0*h - 8*h - 4*h. What are the prime factors of m(18)?
2, 13
Let d = 9 + -6. Suppose d*k = k. Suppose -3*l + 6*l - 9 = k. What are the prime factors of l?
3
Suppose 0 + 2 = k. Suppose 0 = -k*q - 6, -d - q = 1 - 2. List the prime factors of d.
2
Let h = 27 - -13. What are the prime factors of h?
2, 5
Let f = 0 - -12. List the prime factors of f.
2, 3
Suppose 20 = 5*a - 5*g, -4 - 2 = 3*g. Suppose 2*r + a*r = 20. List the prime factors of r.
5
Suppose 126 = f + 5*f. List the prime factors of f.
3, 7
Suppose 0 = -4*w + 2*q + 1584, 0 = -6*w + 3*w - 3*q + 1206. What are the prime factors of w?
2, 199
Let m be (2 - -20) + (0 - 0). Suppose -m = -3*j + 26. List the prime factors of j.
2
What are the prime factors of 19668/72 + (-10)/(-12)?
2, 137
Let t(p) be the first derivative of 1/2*p**2 + 4*p - 1. What are the prime factors of t(0)?
2
Let q(s) = -21*s**3 - s**2 + 3*s + 5. What are the prime factors of q(-2)?
163
Let k(r) = -9*r**2 - 13*r + 7. Let w(o) = 4*o**2 + 6*o - 3. Let f(b) = 2*k(b) + 5*w(b). What are the prime factors of f(-4)?
3, 5
Let m(a) = -a**3 + 7*a**2 - 3*a - 7. Let h be m(7). Let d be 2*(-2)/8*h. What are the prime factors of d + -2 + 2/2?
13
Suppose 2*q = -0*q + 8, 0 = -4*o - 5*q + 76. List the prime factors of o.
2, 7
List the prime factors of 5*((-48)/20)/(-6).
2
Suppose 0 = -5*d + 3*v + 340, v + 155 = 2*d - 4*v. What are the prime factors of d?
5, 13
Let r(m) = 7 + 3 - 4 - m. What are the prime factors of r(-9)?
3, 5
Let j(n) = -5*n + 10. Let k(q) = 4*q - 9. Let u(o) = 5*j(o) + 6*k(o). What are the prime factors of u(-10)?
2, 3
List the prime factors of (-6 + 0)*((-1035)/(-10))/(-9).
3, 23
Let b(l) = 3*l - 9. List the prime factors of b(6).
3
Let l(f) = -f**2 + 5*f + 4. Let i(x) = 5*x**2. Let w be i(1). What are the prime factors of l(w)?
2
Let c = -402 + 673. What are the prime factors of c?
271
Let z(w) = 6*w - 6. Suppose -b - 1 = -2*b - r, 2*b - 4*r - 20 = 0. List the prime factors of z(b).
2, 3
Suppose -3*f = -100 + 28. What are the prime factors of f?
2, 3
Let u(t) = 4*t**2 - t - 1. Let y(z) = -z**2 + z - 1. Let x(q) = -u(q) - 5*y(q). Suppose 0 = -4*w + 2*w + 8. What are the prime factors of x(w)?
2, 3
Suppose -25 = -5*r - k + 12, 5*r - 3*k = 29. Suppose 2*y + 35 = r*y. Let q = 2 + y. List the prime factors of q.
3
Suppose p - 6 = 2*p - 2*a, 4*a = 3*p + 8. Suppose -i = p*i - 75. List the prime factors of i.
3, 5
Let a(d) be the third derivative of d**5/12 - 3*d**2. Let u be a(-2). Let i = u - 9. List the prime factors of i.
11
Let v(z) = -22*z - 6. What are the prime factors of v(-3)?
2, 3, 5
Suppose -6 = 3*b, -2*b - 26 = -4*m + 3*b. What are the prime factors of m?
2
Let x be (-2)/(-1) + (-3)/(-1). Let n(y) = -y**3 + 7*y**2 - 7*y + 4. What are the prime factors of n(x)?
19
Let f be (-75)/(-27) + (-2)/(-9). Suppose -a = f*a + 4. What are the prime factors of a/1*(-9 - 2)?
11
Suppose -7*m + 2*m + 151 = 4*d, 3*m - 43 = -d. What are the prime factors of d?
2, 17
Let g(a) = -34*a - 10. List the prime factors of g(-3).
2, 23
Suppose 5 = -g, i + 5*g - 9 = -31. Suppose -5*z = -i*z - 10. What are the prime factors of z?
5
Suppose -4*o + 80 = 28. List the prime factors of o.
13
Let x = 1 + 3. Let q(s) = 2*s - 3. Let a be q(x). Suppose a*n - n = 36. What are the prime factors of n?
3
Let c(g) be the third derivative of 1/12*g**4 - 3*g**2 - 1/120*g**6 + 1/10*g**5 + 0*g + 0 - 1/6*g**3. List the prime factors of c(6).
11
Let p = -142 - -201. What are the prime factors of p?
59
Let f = -177 + 342. Suppose 2*z - f = -3*z. List the prime factors of z.
3, 11
Let g(n) = n**3 - 9*n**2 - 12*n + 15. Let x be g(10). Let h be 3 + 0 - (-10)/x. Let i(f) = 11*f + 1. List the prime factors of i(h).
2, 3
Let k(u) = u**3 + 9*u**2 - 19*u - 19. What are the prime factors of k(-6)?
7, 29
Suppose 2 = -z - 4*j + 14, -3*j + 9 = 4*z. Suppose -5*c + 45 + 5 = z. What are the prime factors of c?
2, 5
Let v(p) = -p**2 - 17*p - 7. What are the prime factors of v(-15)?
23
Let t = 16 + -18. What are the prime factors of (0 - t)/(4/8)?
2
Let x be (-1)/4*3*-4. Suppose -x*s + 0*s + 30 = 0. Suppose a = 4*m + 5*a, -5*m - 3*a + s = 0. What are the prime factors of m?
5
Let p(a) = -8*a + 5. List the prime factors of p(-6).
53
Let z = -18 + 29. List the prime factors of z.
11
Let b be (128/40)/((-2)/(-10)). Suppose -2*n - 3*p = -b, 4*n + p = -4*p + 34. List the prime factors of n.
11
Suppose -5*b + 88 = 2*l - 2, -22 = -2*b + 2*l. Suppose 3*j + 6 = -6. Let n = b + j. What are the prime factors of n?
2, 3
Suppose 4*f + 3*v = f - 3, 3*f - v - 13 = 0. Suppose -f*h - 5*u = -4*u - 130, -173 = -4*h - u. List the prime factors of h.
43
Let v = 128 - 54. What are the prime factors of v?
2, 37
Let w be (-4 - 20/(-8))*-70. Suppose w = 6*p - 3*p. List the prime factors of p.
5, 7
List the prime factors of (-16)/56 + 1665/21.
79
Suppose -3*n + v = -19, n - 2*n - v = -9. What are the prime factors of n?
7
Let t(u) = -u - 2. Let j be t(6). What are the prime factors of (-1)/(1/j - 0)?
2
Let h = -19 - -11. Let a = 12 + h. Let i = -2 + a. What are the prime factors of i?
2
Let f(b) = -2*b**3 - 2*b**2 - 6*b - 7. What are the prime factors of f(-3)?
47
Suppose 5*m - 88 + 8 = 0. Let z be (-2)/4 - (-18)/4. Suppose 0*p + z*p = m. What are the prime factors of p?
2
Suppose 2*i = 4*q - 7 + 47, 0 = -4*q - 2*i - 32. Let p(o) = o**3 + 9*o**2 - o - 4. Let u be p(q). Let z = 10 - u. List the prime factors of z.
5
Let z = 8 + -8. Suppose z*q - 38 = -2*q. List the prime factors of q.
19
Suppose -4*d - 12 = 24. Let v = d - -13. Suppose -3*a = -v*a + 14. List the prime factors of a.
2, 7
Let z = -2 - 1. Let p(l) = -l - 1. Let q be p(z). Suppose q*i = 0, -i - 2*i = 5*r - 50. What are the prime factors of r?
2, 5
Let j be 4/22 + 175/(-55). What are the prime factors of ((-38)/(-6))/((-1)/j)?
19
Let w = 3 - 3. List the prime factors of 2 + -3 + 14 + w.
13
Let g be 1/3 + (-2600)/(-30). Let d be 1/((-1)/2) + g. Suppose -3*n + d = 2*n. What are the prime factors of n?
17
Suppose 3*p - 100 = -p. What are the prime factors of p?
5
Let o(j) = -27*j - 7. List the prime factors of o(-2).
47
Let n be 11*1/(1 + 0). Suppose 0 = o - 4*x + 14, o - x + n = -3*o. What are the prime factors of o + (-1)/(3/(-12))?
2
Let n be -1 - -4 - 47/(-1). Suppose -3*u - 63 = -3*p, 0 = 5*p - u - 47 - n. List the prime factors of p.
19
Let g be 4/(-26) + (-44)/52. Let s = 9 + g. List the prime factors of s.
2
Suppose -4*k - 452 = -5*v, v - 69 = k + 21. List the prime factors of v.
2, 23
Let o(j) = j**3 - j**2 + 5*j - 2. List the prime factors of o(3).
31
Suppose -2*q = -4*q. Let u(j) = -j**3 - j**2 - j - 3. Let p be u(q). What are the prime factors of 7/((-6 - p)/(-3))?
7
Suppose -5*h = -h + 148. List the prime factors of (h/(-4))/((-5)/(-20)).
37
Let z be 5/(-4) + (-7)/(-28). Let w be (2 - (2 + 0))*z. Let c(r) = r**3 - r**2 + r + 15. List the prime factors of c(w).
3, 5
Let d(b) = 15*b - 3. List the prime factors of d(2).
3
Let d be 6/30 + 24/5. Let l = -10 + 43. Suppose 0 = -d*v + 72 + l. List the prime factors of v.
3, 7
Let f(s) = -s**3 - 3*s**2 + 3*s - 1. Let b be f(-4). Let x(t) = -6*t**2 - t + 6 + 1 - t**3 - b. What are the prime factors of x(-6)?
2, 5
Suppose 10*p = -5*p + 915. List the prime factors of p.
61
Suppose -4 = 4*l, 2*q + 5*l - 15 = -2*q. Let j(n) = -n**3 + 6*n**2 - 4*n + 3. What are t